5*g - u - v - 597 = 0. Suppose g - 22 = 4*r. List the prime factors of r.
7, 13
Let w = 12022 - 9634. List the prime factors of w.
2, 3, 199
Suppose 8 = 2*n + 10. Let f be n/(-2*5/1170). Let v = 230 - f. What are the prime factors of v?
113
Let l(v) = -v**3 - 45*v**2 - 40*v + 150. Let u be l(-44). Let k(w) = -63*w + 24. What are the prime factors of k(u)?
2, 3, 277
Suppose -11 = 7*t - 39. What are the prime factors of (747 + 9)*2/t?
2, 3, 7
Let v be (-3)/((-18)/3)*0/(-3). Suppose -3*j + 2*j - 104 = v. Let b = 10 - j. List the prime factors of b.
2, 3, 19
Suppose -4*g + 56870 = -p, g + 800*p = 799*p + 14210. What are the prime factors of g?
2, 1777
Let z = 18 - 21. List the prime factors of ((-4 - -6) + z)*-1057.
7, 151
Let u be (-1715)/(-20) + 9/(-12). Suppose q = h + u - 9, -2*q + 148 = -3*h. Suppose 4*c + q = 9*c. What are the prime factors of c?
2
Let n be 0 + 0 - (-6 + 5) - 3. List the prime factors of (-17298)/(-135) - (-1)/(15/n).
2
Let z = -2680 - -3050. List the prime factors of z.
2, 5, 37
Suppose -68*r - 99*r = -55*r - 2192064. List the prime factors of r.
2, 3, 7, 233
Let h = 3536 - -42. What are the prime factors of h?
2, 1789
Let g be 66/21 + (-48)/(-7) + -7. List the prime factors of ((-1)/g)/((-1)/321).
107
Let z(x) = 2*x**2 - 28*x - 57. Let a be 12/10*50/6. Let f be 642/30 + (-4)/a. What are the prime factors of z(f)?
3, 79
Suppose 18*y - 22*y - 4*d = -66652, 3 = d. List the prime factors of y.
2, 5, 7, 17
Suppose 5*m - 5*p = -115, 2*p - 5*p = -m - 13. Let l = m - -102. List the prime factors of l.
2, 37
Suppose 0 = 114*z - 112*z + 1144. Let f = z - -1115. List the prime factors of f.
3, 181
What are the prime factors of (12 + 34/(-2) - -14)*(-3512)/(-3)?
2, 3, 439
What are the prime factors of ((-25682)/(-7))/(232/812)?
12841
Let w(g) = g**3 + 40*g**2 - 149*g - 66. What are the prime factors of w(-33)?
2, 3, 7, 11
Let a be 12474/35 - 12/(-20). Let x = 583 - a. What are the prime factors of x?
2, 113
Let p = -10391 - -25241. What are the prime factors of p?
2, 3, 5, 11
Suppose 6*i = -0*i + 1272. Suppose 0 = -2*z - 0*z - 5*r + 76, -5*r = -4*z + i. Let n = 139 - z. What are the prime factors of n?
7, 13
Let r(z) = z**2 - 11*z + 27. Let n be r(9). Let b be -142 - ((-12)/n)/((-2)/(-3)). Let q = -77 - b. List the prime factors of q.
3, 7
Let t(c) = c**3 - c**2 + 1. Let j(o) = -7*o**3 - 4*o**2 + 8*o - 7. Let v(u) = -j(u) - 6*t(u). List the prime factors of v(-5).
2, 83
Suppose -4912 = -29*d + 13*d. Suppose -y + 1368 + d = i, 1681 = y - 2*i. List the prime factors of y.
3, 13, 43
Let c(x) = -x**3 + 16*x**2 + 13*x - 6. Let f be c(13). Let t = f - 346. List the prime factors of t.
2, 3
Let w(h) = 2*h**2 + 27*h - 1. Let q be w(-14). Suppose 21*d = q*d + 752. What are the prime factors of d?
2, 47
Let i(o) = 277*o**2 + 23*o - 23. Let p be i(1). Suppose -4*w + p + 4435 = 0. What are the prime factors of w?
2, 19, 31
Suppose 274 + 206 = 2*f. Let o = f + -7. List the prime factors of o.
233
Suppose 15 - 5 = -5*h. Let m = 86 - 88. List the prime factors of (h - -23) + (-6)/m + 2.
2, 13
Let p = 258 + -200. Suppose 6*w - 506 - p = 0. What are the prime factors of w?
2, 47
Suppose 3*s - 28 = -4*a, 2*a - s - 3*s + 8 = 0. Let v be 2/3 + a/(-6). Suppose 3*b + 30 + 95 = 5*q, b - 5 = v. What are the prime factors of q?
2, 7
Suppose -10*n + 5 = -9*n. Suppose 5*f = -3*l + 847, n*f - 7 = -4*l + 1114. What are the prime factors of l?
2, 137
Let y(j) = -65*j + 2. Let q be ((-10)/(-25))/((-1)/(-5)). Let x be y(q). What are the prime factors of x/6*105/(-14)?
2, 5
Let l(w) = -6*w + 10. Let h = -80 - -64. List the prime factors of l(h).
2, 53
Suppose 93*j - 437921 = 39355. What are the prime factors of j?
2, 1283
Suppose 142*z - 164*z + 12853 + 43973 = 0. List the prime factors of z.
3, 7, 41
Suppose 80*h - 2195219 = 1231901. List the prime factors of h.
42839
Let y = -678 + 678. List the prime factors of -4 + -10 + 11 + 698 + y.
5, 139
Let v(m) = m**2 + 5*m + 4. Let r = -50 - -46. Let h be v(r). What are the prime factors of 105 + (0 - h)/1?
3, 5, 7
Suppose -22*u + 4*f = -21*u - 9782, 3*f = -2*u + 19542. What are the prime factors of u?
2, 3, 181
Let k(y) = -y**2 - 41*y - 19. Suppose 5*m + 226 - 61 = 0. List the prime factors of k(m).
5, 7
Let m = 14 + -14. Let t be 628*(0 + 1 + m). Suppose -t = -11*a + 1099. What are the prime factors of a?
157
Suppose 2043 = 13*n - 78791. List the prime factors of n.
2, 3109
Let k(b) = -b + 2. Let w be k(0). Let t(v) = -9*v + v**w + 14*v + 1 - v**3 + 7*v**2. What are the prime factors of t(7)?
5, 17
Let c = 12536 + -4531. What are the prime factors of c?
5, 1601
Let m(f) = -2*f**2 - 83*f + 50. Let z be m(-29). Let j = 2253 - z. List the prime factors of j.
2, 739
List the prime factors of 14*13/728 - (-2342)/8.
293
Let x(k) = -8*k**3 + 2*k**2 - 106 + 99 - 26*k - 26 - 58. What are the prime factors of x(-4)?
557
Let g(y) be the third derivative of 13*y**4/12 - y**3/3 + 3275*y**2. Suppose -5*u + 3*q - 4 = -u, 0 = -u + 5*q - 18. List the prime factors of g(u).
2, 5
Suppose 2*v = 3*v - 4. Suppose 3*m - 1009 = 5*y, v*m + 820 = -2*y - 2*y. Let n = y - -299. List the prime factors of n.
2, 3
Let d = -153188 - -227247. List the prime factors of d.
31, 2389
Let x be (-2)/(-3 + 175/60). Suppose 25 = u - 4*q, 3*q + x = u - 0. Let j = 56 - u. What are the prime factors of j?
5, 7
Let w be (0 - 6535/15)*-12. Let t = w + -3622. List the prime factors of t.
2, 11, 73
Let z = -10931 + 16131. List the prime factors of z.
2, 5, 13
Suppose -2*z = -0*z - p - 129, -2*z - 3*p + 109 = 0. Suppose 0 = -z*w + 56*w + 1230. What are the prime factors of w?
5, 41
List the prime factors of 11277 - (-4 + (-42)/(-24)*4).
2, 3, 1879
What are the prime factors of (60438/105)/(2/110)?
2, 11, 1439
Suppose -8*w + 12995 + 14717 = 0. Suppose -3*z + 7*z = w. Suppose -511 - z = -9*f. List the prime factors of f.
3, 17
Let x = -190 - -303. Let r = x - 19. List the prime factors of r.
2, 47
Let s = 26479 - 18787. List the prime factors of s.
2, 3, 641
What are the prime factors of (-3)/(-2) - 144924/(-24)?
2, 5, 151
Let c(k) = -k**3 + 63*k**2 + 218*k - 29. List the prime factors of c(65).
3, 7, 271
Suppose 2*n + 90*n = 185104. List the prime factors of n.
2, 503
Let j = 79 - 65. Suppose -5*z - j + 49 = 0. Suppose z*k = 16*k - 207. List the prime factors of k.
23
Let j be 4 - ((-690)/35 - (-2)/(-7)). Suppose -11*b = -j*b + 15678. List the prime factors of b.
2, 3, 67
Let a(v) = -164*v + 4. Let j be a(2). What are the prime factors of (6 + 42/(-18))/((-3)/j)?
2, 3, 11
Let b = -13683 - -23631. What are the prime factors of b?
2, 3, 829
Let k(i) = 163*i + 110. Let l be k(8). Suppose l + 188 = 3*r. What are the prime factors of r?
2, 3, 89
Let u be 150 - (1 + 4/2). Suppose u*h - 142*h = 765. What are the prime factors of h?
3, 17
Suppose -6*m = -8*m - x - 20, 4*m + x + 40 = 0. Let j(o) = -12*o - 51. List the prime factors of j(m).
3, 23
What are the prime factors of (-155859)/(-44) + (35/(-28) - 0)?
3541
Suppose -4*v = 5*v - 27. Suppose -756 = -10*w + v*w. List the prime factors of w.
2, 3
Let g(r) = 2*r + 28. Let i be g(-14). Suppose i = -6*d + 8*d - 40. Suppose -16*l + d*l - 456 = 0. What are the prime factors of l?
2, 3, 19
Let w be (-8)/(-4)*20/8. Let n = 84 + -84. What are the prime factors of 1*(101 + n + (5 - w))?
101
Let d(s) = s**2 - s - 11. Let g(p) = -p**2 - 12*p - 21. Let j be g(-9). Suppose -j*t - 43 - 5 = 0. List the prime factors of d(t).
61
Suppose 0 = 12*q - 80804 + 23408. What are the prime factors of q?
4783
Let f(t) = -67*t**3 + 5*t**2 + 11*t + 61. What are the prime factors of f(-6)?
97, 151
Let j(k) = 65 - 23 + 283*k**2 - 282*k**2. What are the prime factors of j(-22)?
2, 263
Let w be (-16)/((-64)/(-8))*898/(-4). Suppose -n + w + 851 = 5*v, v - 239 = 4*n. List the prime factors of v.
7, 37
Let y(a) = -a**3 - 9*a**2 - 5*a + 2. Let v be y(-3). List the prime factors of -36*v*5/10.
2, 3, 37
Let b = -139 - -139. Let y(i) = -i**2 + 6*i + 9. Let a be y(7). Suppose a*x + 6 = b, -2*m + 3*m + 5*x = 32. List the prime factors of m.
47
Suppose -19*t = -26*t + 98. Let r be -2 + 2 + (1 - 1). Suppose r = -t*n + 18*n - 224. List the prime factors of n.
2, 7
Let t = 45696 + -24696. List the prime factors of t.
2, 3, 5, 7
Let h(r) = 364*r**2 - 311*r + 1866. W